3. What is x(2)?
-51
Let m(d) = -38*d**2 - 1. What is m(-1)?
-39
Let i(j) = -29*j + 2. Determine i(-1).
31
Let n(a) = 2*a**3 - 2*a**2 - 8*a - 7. Determine n(-2).
-15
Let r(z) = 2*z**3 - 3*z**2 - 7*z - 4. Determine r(-2).
-18
Let w(u) = 2*u**3 + 3*u**2 - 4*u - 1. Give w(3).
68
Let y(j) = -j**3 - j**2 + 11*j. Give y(-3).
-15
Let f(s) = s**3 + 30*s**2 - 32*s - 35. Determine f(-31).
-4
Let q(f) = -f**3 - 3*f**2 - 5*f - 13. Determine q(-4).
23
Let r(k) = -k + 15. What is r(7)?
8
Let l(p) = p + 6. Calculate l(-2).
4
Let z(k) = -5*k + 35. What is z(7)?
0
Let k(o) = o**2 + 9*o + 7. Give k(-8).
-1
Let f(t) = 7*t + 125. What is f(-17)?
6
Let s(p) = -p**3 - 10*p**2 - 5*p + 6. Determine s(-10).
56
Let h(i) = -36*i + 4. Give h(-1).
40
Let o(m) = m - 3. Determine o(-9).
-12
Let u(a) = a - 6. What is u(4)?
-2
Let n(u) = -22*u + 68. Determine n(12).
-196
Let q(o) = 26*o - 85. Determine q(3).
-7
Let y(s) = -2*s**2 - 45*s + 30. What is y(-23)?
7
Let y(n) = -2*n**3 - n**2 - 3. Calculate y(0).
-3
Let w(d) = 9*d + 87. Determine w(-17).
-66
Let o(x) = 17*x**3 - x**2 + x - 1. Give o(1).
16
Let f(i) = 3*i**3 + i**2 - 2*i + 1. Calculate f(-2).
-15
Let m(v) = -v + 13. Calculate m(4).
9
Let s(u) = -u**2 + 18*u - 40. Calculate s(10).
40
Let w(y) = -y**3 - 7*y**2 + 16*y + 8. What is w(-9)?
26
Let q(g) = 4*g - 22. Give q(7).
6
Let r(j) = j**3 - 6*j**2 - 9*j - 10. Determine r(7).
-24
Let v(s) = s + 15. Calculate v(-9).
6
Let s(p) = 50*p - 3. Determine s(2).
97
Let q(f) = -f**3 + 8*f**2 + 10*f - 17. Determine q(9).
-8
Let o(l) = -51*l - 536. Determine o(-10).
-26
Let w(h) = h**3 - h**2 + 14*h - 53. Calculate w(3).
7
Let s(p) = p**3 - 8*p**2 - 12*p - 1. Calculate s(9).
-28
Let w(n) = -4*n + 12. Give w(-11).
56
Let n(i) = -i + 4. Determine n(-8).
12
Let x(h) = h**3 + 4*h**2 - 5*h + 5. What is x(-6)?
-37
Let k(l) = 17*l - 19. What is k(6)?
83
Let m(r) = 20*r**2 + 40*r + 40. Calculate m(-1).
20
Let q(p) = p**3 + 3*p**2 + 3*p + 2. Calculate q(-2).
0
Let i(o) = -85*o + 2. What is i(1)?
-83
Let o(d) = -2*d**2 + 12*d - 12. Calculate o(8).
-44
Let a(l) = 4*l**3 - 2*l**2 - l. Determine a(-1).
-5
Let m(a) = -a**3 - 2*a**2 + 13*a + 13. Determine m(-4).
-7
Let z(c) = c**2 - 7*c. Calculate z(6).
-6
Let w(y) = 2*y + 20. What is w(0)?
20
Let x(z) = 2*z + 10. Determine x(10).
30
Let d(l) = l**2 - l + 3. Determine d(-3).
15
Let o(y) = -y. Calculate o(-3).
3
Let m(r) = r**3 - 12*r**2 - 11*r - 26. Determine m(13).
0
Let q(n) = 77*n**2 - 616*n + 2. Give q(8).
2
Let c(f) = 184*f - 742. Give c(4).
-6
Let k(p) = p**2 - 4*p + 10. Give k(2).
6
Let g(j) = 31*j + 134. Give g(-4).
10
Let c(x) = x**3 + 11*x**2 - 11*x + 27. What is c(-12)?
15
Let m(q) = 2*q**2 + 77*q - 10. Calculate m(-39).
29
Let r(t) = t**3 + 5*t**2 + 2*t + 2. Calculate r(-4).
10
Let b(n) = 33*n - 91. Determine b(3).
8
Let i(v) = -20*v + 337. Determine i(17).
-3
Let j(v) = -2*v**3 - 3*v**2 + 16*v - 3. What is j(2)?
1
Let g(w) = 3*w - 53. Determine g(14).
-11
Let y(l) = l**2 + 11*l + 30. Determine y(-8).
6
Let f(a) = 7*a + 29. Calculate f(-2).
15
Let p(r) = r**3 + 6*r**2 + 2*r + 4. What is p(-6)?
-8
Let g(z) = 4*z - 12. What is g(3)?
0
Let s(m) = m**3 + 7*m**2 + 6*m + 43. What is s(-7)?
1
Let f(b) = -5*b - 9. Determine f(-5).
16
Let a(y) = y**2 - 43*y + 253. Give a(36).
1
Let v(j) = j**3 - 7*j**2 + 12*j - 7. Determine v(3).
-7
Let a(s) = s**3 - 5*s**2 + s + 1. Calculate a(5).
6
Let k(o) = -o**3 + 8*o**2 + 2*o - 22. Calculate k(7).
41
Let s(c) = c**2 - 7*c - 4. Calculate s(8).
4
Let p(k) = 2*k**2 - 24*k - 23. What is p(14)?
33
Let n(x) = 7*x - 197. Calculate n(28).
-1
Let v(i) = -i**3 + 2*i**2 - 4. Calculate v(0).
-4
Let a(g) = -3*g**2 - 25*g + 48. Determine a(-10).
-2
Let x(p) = -p**2 - 17*p - 12. Calculate x(-14).
30
Let m(k) = k**2 + 13*k + 7. What is m(-12)?
-5
Let j(g) = -29*g + 59. What is j(2)?
1
Let o(m) = 2*m + 20. Calculate o(-6).
8
Let s(r) = -r**3 - 2*r**2 + 27. Determine s(0).
27
Let k(d) = d**3 - 24*d**2 - 51*d - 19. Give k(26).
7
Let c(g) = -g**3 - 6*g**2. Determine c(-6).
0
Let d(g) = g**2 + 13*g + 70. Give d(-7).
28
Let a(p) = 3*p - 2. Calculate a(-2).
-8
Let u(i) = -i**3 - 5*i**2 - 11*i - 22. What is u(-3)?
-7
Let h(l) = l - 15. What is h(13)?
-2
Let q(r) = r**3 + 8*r**2 + 8*r + 5. Calculate q(-7).
-2
Let p(j) = 4*j + 1. What is p(7)?
29
Let s(p) = p + 7. Determine s(9).
16
Let s(z) = 6*z + 3. Calculate s(1).
9
Let f(p) = p**2 + 25*p + 155. Calculate f(-12).
-1
Let a(t) = -t - 5. What is a(-11)?
6
Let d(a) = a**3 + 4*a**2 + a + 3. What is d(-2)?
9
Let u(l) = 8*l - 2. What is u(3)?
22
Let k(o) = -o**3 + 19*o**2 - 19*o + 30. What is k(18)?
12
Let u(y) = y**3 + 9*y**2 - y + 54. Give u(-10).
-36
Let y(w) = -w + 14. Give y(0).
14
Let u(d) = -2*d**2 - 8*d - 2. What is u(-6)?
-26
Let f(d) = d**3 + 5*d**2 + 2*d - 5. Determine f(-5).
-15
Let j(g) = 4*g - 2. Determine j(0).
-2
Let a(q) = -6*q**2 + 4*q - 1. Determine a(-2).
-33
Let f(g) = 6*g + 5. What is f(-7)?
-37
Let u(x) = -x + 12. What is u(24)?
-12
Let k(u) = u**2 + 28*u + 193. What is k(-10)?
13
Let g(k) = k**3 - 14*k**2 - 2*k + 25. Calculate g(14).
-3
Let k(i) = -i**2 + 6*i - 7. Give k(3).
2
Let f(l) = -15*l - 92. Calculate f(-7).
13
Let v(f) = -f**3 + 7*f**2 + f - 17. What is v(7)?
-10
Let i(n) = -9*n + 117. What is i(13)?
0
Let p(i) = 4*i - 30. Determine p(7).
-2
Let v(s) = -7*s + 232. Calculate v(32).
8
Let j(v) = 5*v + 36. What is j(-10)?
-14
Let b(r) = 3*r**2 + 4*r. What is b(-3)?
15
Let r(y) = y**3 - 8*y**2 - 9*y - 16. Give r(9).
-16
Let h(n) = -30*n - 155. Calculate h(-5).
-5
Let o(x) = -2*x - 35. Calculate o(-15).
-5
Let m(y) = y**2 - 9*y + 8. Determine m(9).
8
Let f(h) = h**3 + 11*h**2 - 11*h + 21. Determine f(-12).
9
Let j(a) = a**2 + a + 2. What is j(3)?
14
Let p(z) = z**3 - 20*z**2 + 25*z + 5. Calculate p(18).
-193
Let y(b) = -2*b + 1. Determine y(4).
-7
Let s(y) = y**3 - 9*y**2 - y + 3. Determine s(9).
-6
Let r(m) = 41*m - 273. Give r(7).
14
Let h(j) = 2*j - 41. Calculate h(17).
-7
Let t(o) = -o**2 + 7*o - 7. Give t(4).
5
Let f(z) = -4*z + 210. Give f(53).
-2
Let u(l) = l**2 - 22*l + 50. Calculate u(19).
-7
Let n(p) = p**3 + 15*p**2 + 16*p + 2. What is n(-14)?
-26
Let v(b) = 5*b + 40. What is v(-9)?
-5
Let t(p) = -7*p - 7. Determine t(-2).
7
Let h(x) = 2*x**2 - 7*x - 1. Give h(5).
14
Let p(f) = -f**3 - f**2 + 2*f + 5. Give p(-3).
17
Let d(x) = x**3 + 3*x**2 - 4*x + 8. What is d(4)?
104
Let v(c) = -c**2 - 4*c - 3. Determine v(0).
-3
Let o(s) = s**3 - 4*s**2 - 10*s + 25. Give o(5).
0
Let c(s) = -81*s - 2. What is c(1)?
-83
Let b(j) = -2*j**3 - 13*j**2 - 7*j - 9. Give b(-6).
-3
Let f(x) = -8*x + 9. What is f(4)?
-23
Let u(s) = s**3 - s. Give u(3).
24
Let k(l) = -l**2 + 10*l + 16. Calculate k(11).
5
Let x(d) = -d**3 - 8*d**2 - 17*d - 2. Determine x(-4).
2
Let l(n) = -n**2 + 21*n - 7. What is l(21)?
-7
Let q(x) = -x**3 + x**2 + 2*x + 16. What is q(0)?
16
Let v(m) = -m**3 + 9*m**2 - 10*m + 2. What is v(7)?
30
Let y(f) = -f + 16. Give y(9).
7
Let y(m) = -5*m**3 - 1. Determine y(-1).
4
Let j(f) = -f - 34. Calculate j(-11).
-23
Let i(f) = 3*f + 28. Determine i(-10).
-2
Let x(q) = q**3 - 2*q**2 - 7*q - 6. Determine x(4).
-2
Let y(s) = -s**2 + 6*s - 4. Give y(4).
4
Let t(i) = -i**3 - 49*i**2 - 53*i - 215. Calculate t(-48).
25
Let a(g) = -3*g**2 + g + 6. Calculate a(3).
-18
Let o(p) = p**3 - 12*p**2 + 4*p + 12. What is o(11)?
-65
Let t(s) = -7*s**2 - 3*s - 1. Determine t(-2).
-23
Let d(r) = r**3 + 9*r**2 - r + 4. Calculate d(-9).
13
Let x(k) = -35*k + 1. Calculate x(-1).
36
Let d(p) = 2*p**3 + 5*p**2 + 4*p. Give d(-2).
-4
Let l(f) = -22*f - 23. Give l(-7).
131
Let p(x) = -x**2 - 14*x + 25. Give p(-15).
10
Let c(g) = -28*g**3 + 2*g - 1. Determine c(1).
-27
Let g(t) = -t**3 - 8*t**2 + 87*t + 46. Determine g(-14).
4
Let a(r) = -r**3 - 4*r**2 + r + 1. Determine a(-4).
-3
Let h(s) = -s**3 - s**2 + 14*s - 24. Give h(2).
-8
Let x(s) = -2*s**2 - s + 4. What is x(-2)?
-2
Let p(k) = 18*k. What is p(-1)?
-18
Let k(s) = -2*s + 12. Calculate k(-15).
42
Let u(a) = -11*a - 3. What is u(-3)?
30
Let v(z) = -2*z**2 - 21*z + 5. What is v(-11)?
-6
Let m(d) = -d**3 - d**2 + 10*d - 8. Give m(5).
-108
Let n(q) = 2*q + 3. Determine n(7).
17
Let x(o) = 80*o + 406. Determine x(-5).
6
Let u(f) = f**3 + 6*f**2 - 18*f - 23. Determine u(-8).
-7
Let z(l) = l**2 - 39*l + 272. Determine z(30).
2
Let 